{"id":2093,"date":"2025-12-29T17:43:28","date_gmt":"2025-12-29T16:43:28","guid":{"rendered":"https:\/\/carpanorama.fr\/index.php\/team\/"},"modified":"2026-04-07T11:22:00","modified_gmt":"2026-04-07T09:22:00","slug":"leprojet","status":"publish","type":"page","link":"https:\/\/carpanorama.fr\/leprojet\/","title":{"rendered":"Le Projet"},"content":{"rendered":"\n\n\n\n\n<p>Apr\u00e8s son premier reportage sur France 2 \u2013 <em>Une id\u00e9e pour la France<\/em> (2022), le projet a continu\u00e9 d&rsquo;\u00e9voluer : nouvealle structure de sc\u00e8ne, participation \u00e0 de nombreux \u00e9v\u00e9nements locaux et nationaux, nouveaux passages t\u00e9l\u00e9vis\u00e9s en 2023 et 2025, et en juin 2024, la cons\u00e9cration avec le Prix IFCIC <em>Entreprendre dans la Culture<\/em>, remis par le Minist\u00e8re de la Culture. Con\u00e7u, r\u00e9alis\u00e9 et exploit\u00e9 par des artistes pour les artistes, Carpanorama est devenu le couteau suisse de la musique : \u00e0 la fois sc\u00e8ne, studio, outil technique et humain. Avec Carpanorama, Axel et David proposent une r\u00e9ponse concr\u00e8te : un outil mobile, moins cher et accessible. Leur histoire, leur engagement et leurs aventures sur la route sont racont\u00e9s dans le film <em>Cap Droit Devant<\/em>, un voyage solaire au c\u0153ur d\u2019une d\u00e9cennie de musique et de solidarit\u00e9.<\/p>\n\n\n\n\n\n\n","protected":false},"excerpt":{"rendered":"<p>Apr\u00e8s son premier reportage sur France 2 \u2013 Une id\u00e9e pour la France (2022), le projet a continu\u00e9 d&rsquo;\u00e9voluer : nouvealle structure de sc\u00e8ne, participation \u00e0 de nombreux \u00e9v\u00e9nements locaux et nationaux, nouveaux passages t\u00e9l\u00e9vis\u00e9s en 2023 et 2025, et en juin 2024, la cons\u00e9cration avec le Prix IFCIC Entreprendre dans la Culture, remis par [&hellip;]<\/p>\n","protected":false},"author":1,"featured_media":0,"parent":0,"menu_order":0,"comment_status":"closed","ping_status":"closed","template":"page-qui-sommes-nous","meta":{"saved_in_kubio":true,"footnotes":""},"class_list":["post-2093","page","type-page","status-publish","hentry"],"kubio_ai_page_context":{"short_desc":"","purpose":"general"},"_links":{"self":[{"href":"https:\/\/carpanorama.fr\/wp-json\/wp\/v2\/pages\/2093","targetHints":{"allow":["GET"]}}],"collection":[{"href":"https:\/\/carpanorama.fr\/wp-json\/wp\/v2\/pages"}],"about":[{"href":"https:\/\/carpanorama.fr\/wp-json\/wp\/v2\/types\/page"}],"author":[{"embeddable":true,"href":"https:\/\/carpanorama.fr\/wp-json\/wp\/v2\/users\/1"}],"replies":[{"embeddable":true,"href":"https:\/\/carpanorama.fr\/wp-json\/wp\/v2\/comments?post=2093"}],"version-history":[{"count":78,"href":"https:\/\/carpanorama.fr\/wp-json\/wp\/v2\/pages\/2093\/revisions"}],"predecessor-version":[{"id":2811,"href":"https:\/\/carpanorama.fr\/wp-json\/wp\/v2\/pages\/2093\/revisions\/2811"}],"wp:attachment":[{"href":"https:\/\/carpanorama.fr\/wp-json\/wp\/v2\/media?parent=2093"}],"curies":[{"name":"wp","href":"https:\/\/api.w.org\/{rel}","templated":true}]}}